{"id":9,"date":"2021-05-18T11:36:35","date_gmt":"2021-05-18T11:36:35","guid":{"rendered":"https:\/\/divergiendo.com\/index.php\/home\/"},"modified":"2025-08-20T15:42:04","modified_gmt":"2025-08-20T15:42:04","slug":"inicio","status":"publish","type":"page","link":"https:\/\/divergiendo.com\/","title":{"rendered":"Inicio"},"content":{"rendered":"\n<div class=\"wp-block-uagb-container uagb-block-174b5dba alignfull uagb-is-root-container\"><div class=\"uagb-container-inner-blocks-wrap\">\n<div class=\"wp-block-uagb-advanced-heading uagb-block-9c78d930\"><h1 class=\"uagb-heading-text\">Espacio Pedag\u00f3gico<\/h1><p class=\"uagb-desc-text\">Espacio <strong>de neurodivergente a neurodivergente.<\/strong> Donde poder ser sin tener que encajar en lo que la sociedad demanda. Donde no se aceptan terapias da\u00f1inas y no respetuosas con las neurodivergencias.<\/p><\/div>\n\n\n\n<div class=\"inherit-container-width wp-block-group is-layout-constrained wp-block-group-is-layout-constrained\">\n<div class=\"wp-block-uagb-buttons uagb-buttons__outer-wrap uagb-btn__large-btn uagb-btn-tablet__default-btn uagb-btn-mobile__default-btn uagb-block-b22cfb4e\"><div class=\"uagb-buttons__wrap uagb-buttons-layout-wrap \">\n<div class=\"wp-block-uagb-buttons-child uagb-buttons__outer-wrap uagb-block-32a2017d wp-block-button\"><div class=\"uagb-button__wrapper\"><a class=\"uagb-buttons-repeater wp-block-button__link\" aria-label=\"\" href=\"https:\/\/divergiendo.com\/index.php\/contacto\/\" rel=\"follow noopener\" target=\"_blank\" role=\"button\"><div class=\"uagb-button__link\">Contacta<\/div><\/a><\/div><\/div>\n<\/div><\/div>\n<\/div>\n<\/div><\/div>\n\n\n\n<div style=\"height:100px\" aria-hidden=\"true\" class=\"wp-block-spacer\"><\/div>\n\n\n\n<div class=\"wp-block-uagb-info-box uagb-block-93ce86b8 uagb-infobox__content-wrap  uagb-infobox-icon-below-title uagb-infobox-image-valign-top\"><div class=\"uagb-ifb-content\"><div class=\"uagb-ifb-title-wrap\"><h2 class=\"uagb-ifb-title\">Combinamos nuestros conocimientos profesionales del \u00e1mbito de la pedagog\u00eda y educaci\u00f3n con nuestra experiencia en primera persona como neurodivergentes.<\/h2><\/div><div class=\"uagb-ifb-icon-wrap\"><svg xmlns=\"https:\/\/www.w3.org\/2000\/svg\" viewBox=\"0 0 640 512\"><path d=\"M494.9 96.01c-38.78 0-75.22 15.09-102.6 42.5L320 210.8L247.8 138.5c-27.41-27.41-63.84-42.5-102.6-42.5C65.11 96.01 0 161.1 0 241.1v29.75c0 80.03 65.11 145.1 145.1 145.1c38.78 0 75.22-15.09 102.6-42.5L320 301.3l72.23 72.25c27.41 27.41 63.84 42.5 102.6 42.5C574.9 416 640 350.9 640 270.9v-29.75C640 161.1 574.9 96.01 494.9 96.01zM202.5 328.3c-15.31 15.31-35.69 23.75-57.38 23.75C100.4 352 64 315.6 64 270.9v-29.75c0-44.72 36.41-81.13 81.14-81.13c21.69 0 42.06 8.438 57.38 23.75l72.23 72.25L202.5 328.3zM576 270.9c0 44.72-36.41 81.13-81.14 81.13c-21.69 0-42.06-8.438-57.38-23.75l-72.23-72.25l72.23-72.25c15.31-15.31 35.69-23.75 57.38-23.75C539.6 160 576 196.4 576 241.1V270.9z\"><\/path><\/svg><\/div><\/div><\/div>\n\n\n\n<div class=\"wp-block-uagb-info-box uagb-block-5c0052bc uagb-infobox__content-wrap  uagb-infobox-icon-above-title uagb-infobox-image-valign-top\"><div class=\"uagb-ifb-content\"><div class=\"uagb-ifb-title-wrap\"><h3 class=\"uagb-ifb-title\">Neurodivergente:<\/h3><\/div><p class=\"uagb-ifb-desc\">Concepto que surge del paradigma de la neurodiversidad y hace referencia a la diferencia en el procesamiento cognitivo. Es decir, cerebros que funcionan de forma diferente a lo socialmente establecido. As\u00ed, dentro de este concepto se agrupan: autismo, TDAH, Altas Capacidades, dislexia y discalculia, s\u00edndrome de down y mucho m\u00e1s.<\/p><\/div><\/div>\n\n\n\n<div class=\"wp-block-uagb-container uagb-block-49500781 alignfull uagb-is-root-container\"><div class=\"uagb-container-inner-blocks-wrap\">\n<div class=\"wp-block-uagb-container uagb-block-b5f5fc73\">\n<div class=\"wp-block-uagb-container uagb-block-87c8b70c\">\n<div class=\"wp-block-uagb-advanced-heading uagb-block-88177730\"><h2 class=\"uagb-heading-text\">Servicios<\/h2><\/div>\n<\/div>\n\n\n\n<div class=\"wp-block-uagb-container uagb-block-3ec8feb2\">\n<div class=\"wp-block-uagb-advanced-heading uagb-block-0601f80a\"><div class=\"uagb-separator\"><\/div><p class=\"uagb-heading-text\">Nuestros servicios buscan mejorar la calidad de vida de las personas neurodivergentes. En ning\u00fan caso se promueven terapias o mecanismos de adaptaci\u00f3n da\u00f1inos para la persona.<\/p><\/div>\n<\/div>\n<\/div>\n\n\n\n<div class=\"wp-block-uagb-container uagb-block-158632c7\">\n<div class=\"wp-block-uagb-container uagb-block-76e092bf\">\n<div class=\"wp-block-uagb-info-box uagb-block-db7fed12 uagb-infobox__content-wrap  uagb-infobox-icon-above-title uagb-infobox-image-valign-top\"><div class=\"uagb-ifb-content\"><div class=\"uagb-ifb-image-content\"><img decoding=\"async\" src=\"https:\/\/divergiendo.com\/wp-content\/uploads\/2023\/07\/infinity-6280756_1280.png\" alt=\"\" width=\"1280\" height=\"640\" loading=\"lazy\"\/><\/div><div class=\"uagb-ifb-title-wrap\"><h4 class=\"uagb-ifb-title\">Asesor\u00eda sobre neurodivergencias<\/h4><\/div><p class=\"uagb-ifb-desc\">Este es un servicio ofrecido exclusivamente a personas neurodivergentes, que sospechen serlo, o que est\u00e9n a cargo de neurodivergentes. Es un servicio <strong>GRATUITO<\/strong> donde se ofrece asesor\u00eda sobre: resolver dudas sobre sospecha de neurodivergencia, pasos para realizar el diagn\u00f3stico, pasos para solicitar la discapacidad, etc.<\/p><\/div><\/div>\n<\/div>\n\n\n\n<div class=\"wp-block-uagb-container uagb-block-99c9031c\">\n<div class=\"wp-block-uagb-info-box uagb-block-718101fd uagb-infobox__content-wrap  uagb-infobox-icon-above-title uagb-infobox-image-valign-top\"><div class=\"uagb-ifb-content\"><div class=\"uagb-ifb-image-content\"><img decoding=\"async\" src=\"https:\/\/divergiendo.com\/wp-content\/uploads\/2023\/07\/madre-e-hijo-divirtiendose-scaled.jpg\" alt=\"\" width=\"2560\" height=\"1707\" loading=\"lazy\"\/><\/div><div class=\"uagb-ifb-title-wrap\"><h4 class=\"uagb-ifb-title\">Estimulaci\u00f3n temprana<\/h4><\/div><p class=\"uagb-ifb-desc\">Servicio dirigido a infancias hasta los 6 a\u00f1os donde se eval\u00faan y trabajan: aspectos motrices, sensoriales, autonom\u00eda, etc. Las sesiones son de 1 h, pero con adaptaciones a las necesidades de cada persona.<\/p><\/div><\/div>\n<\/div>\n\n\n\n<div class=\"wp-block-uagb-container uagb-block-b77b60ec\">\n<div class=\"wp-block-uagb-info-box uagb-block-107f657c uagb-infobox__content-wrap  uagb-infobox-icon-above-title uagb-infobox-image-valign-top\"><div class=\"uagb-ifb-content\"><div class=\"uagb-ifb-image-content\"><img decoding=\"async\" src=\"https:\/\/divergiendo.com\/wp-content\/uploads\/2025\/07\/composicion-de-la-vista-superior-con-diferentes-expresiones-scaled.jpg\" alt=\"\" width=\"2560\" height=\"1707\" loading=\"lazy\"\/><\/div><div class=\"uagb-ifb-title-wrap\"><h4 class=\"uagb-ifb-title\">Psicolog\u00eda<\/h4><\/div><p class=\"uagb-ifb-desc\">Acompa\u00f1amiento emocional con enfoque sist\u00e9mico y neuroafirmativo, teniendo en cuenta los v\u00ednculos y contextos que influyen en la persona. Ofreciendo estrategias y herramientas que promuevan el bienestar, la autonom\u00eda y la comprensi\u00f3n mutua de las necesidades neurodivergentes y su entorno.<\/p><\/div><\/div>\n<\/div>\n\n\n\n<div class=\"wp-block-uagb-container uagb-block-78b44c4a\">\n<div class=\"wp-block-uagb-info-box uagb-block-0ba76e55 uagb-infobox__content-wrap  uagb-infobox-icon-above-title uagb-infobox-image-valign-top\"><div class=\"uagb-ifb-content\"><div class=\"uagb-ifb-image-content\"><img decoding=\"async\" src=\"https:\/\/divergiendo.com\/wp-content\/uploads\/2023\/07\/kid-5020226_1280.jpg\" alt=\"\" width=\"1280\" height=\"854\" loading=\"lazy\"\/><\/div><div class=\"uagb-ifb-title-wrap\"><h4 class=\"uagb-ifb-title\">Apoyo pedag\u00f3gico<\/h4><\/div><p class=\"uagb-ifb-desc\">Este servicio consiste en sesiones de 1 hora de duraci\u00f3n aprox. en las que se trabajan los desaf\u00edos en la: lectoescritura, motricidad, funciones ejecutivas, etc. En las primeras sesiones observamos, creamos v\u00ednculo y determinamos las dificultades presentes para planificar el trabajo. Desde la infancia&nbsp;<strong>hasta la adolescencia incluida.<\/strong><\/p><\/div><\/div>\n\n\n\n<div class=\"wp-block-uagb-info-box uagb-block-1c7a57bb uagb-infobox__content-wrap  uagb-infobox-icon-above-title uagb-infobox-image-valign-top\"><div class=\"uagb-ifb-content\"><div class=\"uagb-ifb-image-content\"><img decoding=\"async\" src=\"https:\/\/divergiendo.com\/wp-content\/uploads\/2023\/07\/laptop-3076957_1280.jpg\" alt=\"\" width=\"1280\" height=\"852\" loading=\"lazy\"\/><\/div><div class=\"uagb-ifb-title-wrap\"><h4 class=\"uagb-ifb-title\">Evaluaciones<\/h4><\/div><p class=\"uagb-ifb-desc\">Este servicio es para evaluar las sospechas de neurodivergencias (autismo, tdah, aacc, etc.) o de dificultades del aprendizaje. Se llevan a cabo diferentes sesiones en las que se hacen entrevistas y se utilizan diferentes instrumentos de evaluaci\u00f3n.<\/p><\/div><\/div>\n<\/div>\n\n\n\n<div class=\"wp-block-uagb-container uagb-block-10b13eb3\">\n<div class=\"wp-block-uagb-info-box uagb-block-9ca8b7b0 uagb-infobox__content-wrap  uagb-infobox-icon-above-title uagb-infobox-image-valign-top\"><div class=\"uagb-ifb-content\"><div class=\"uagb-ifb-image-content\"><img decoding=\"async\" src=\"https:\/\/divergiendo.com\/wp-content\/uploads\/2023\/07\/startup-593343_1280.jpg\" alt=\"\" width=\"1280\" height=\"848\" loading=\"lazy\"\/><\/div><div class=\"uagb-ifb-title-wrap\"><h4 class=\"uagb-ifb-title\">Formaciones y charlas<\/h4><\/div><p class=\"uagb-ifb-desc\">Realizamos sesiones de formaci\u00f3n para promover la actualizaci\u00f3n desde el paradigma de la neurodiversidad. Puedes solicitar el servicio de formaci\u00f3n o charlas para tu negocio, asociaci\u00f3n, centro educativo, etc.<\/p><\/div><\/div>\n<\/div>\n\n\n\n<div class=\"wp-block-uagb-container uagb-block-930ff4e7\">\n<div class=\"wp-block-uagb-info-box uagb-block-0cff95c2 uagb-infobox__content-wrap  uagb-infobox-icon-above-title uagb-infobox-image-valign-top\"><div class=\"uagb-ifb-content\"><div class=\"uagb-ifb-image-content\"><img decoding=\"async\" src=\"https:\/\/divergiendo.com\/wp-content\/uploads\/2023\/08\/IMG_2214-scaled.jpg\" alt=\"\" width=\"2560\" height=\"1920\" loading=\"lazy\"\/><\/div><div class=\"uagb-ifb-title-wrap\"><h4 class=\"uagb-ifb-title\">Sala sensorial<\/h4><\/div><p class=\"uagb-ifb-desc\">Contamos con una sala sensorial enfocada a la regulaci\u00f3n sensorial, donde poder hacer <em>stimming<\/em> (estereotipias) libremente. <\/p><\/div><\/div>\n\n\n\n<div class=\"wp-block-uagb-info-box uagb-block-d625bf15 uagb-infobox__content-wrap  uagb-infobox-icon-above-title uagb-infobox-image-valign-top\"><div class=\"uagb-ifb-content\"><div class=\"uagb-ifb-image-content\"><img decoding=\"async\" src=\"https:\/\/divergiendo.com\/wp-content\/uploads\/2023\/07\/laptop-3076957_1280.jpg\" alt=\"Mesa blanca que encima tiene una libreta y tres macetas tambi\u00e9n blancas que tienen plantas\" width=\"1280\" height=\"852\" loading=\"lazy\"\/><\/div><div class=\"uagb-ifb-title-wrap\"><h4 class=\"uagb-ifb-title\">Asesor\u00eda educativa<\/h4><\/div><p class=\"uagb-ifb-desc\">Este servicio es para aquellas personas que busquen orientaci\u00f3n para comprender y abordar de forma respetuosa los rasgos neurodivergentes (TDAH, autismo, AACC, etc.). Orientamos sobre: adaptaciones de regulaci\u00f3n sensorial, gesti\u00f3n de meltdowns (colapsos autistas y tdah), c\u00f3mo comunicar el diagn\u00f3stico, adaptaciones educativas, etc. Las sesiones son de 1 h y se aportan pautas y herramientas.<\/p><\/div><\/div>\n<\/div>\n<\/div>\n<\/div><\/div>\n\n\n\n<div class=\"wp-block-uagb-container uagb-block-565f4e50 alignfull uagb-is-root-container\"><div class=\"uagb-container-inner-blocks-wrap\">\n<div class=\"wp-block-uagb-container uagb-block-ee4e90e6\">\n<div class=\"wp-block-uagb-advanced-heading uagb-block-a8c85675\"><div class=\"uagb-separator\"><\/div><h4 class=\"uagb-heading-text\">Teixugueiras 19, Local 9<br>604945066<br>info@divergiendo.com<\/h4><\/div>\n<\/div>\n\n\n\n<div style=\"height:32px\" aria-hidden=\"true\" class=\"wp-block-spacer\"><\/div>\n\n\n\t\t\t<div \n\t\t\tclass=\"wp-block-uagb-google-map uagb-google-map__wrap uagb-block-804dbf32     \"\n\t\t\tstyle=\"\" >\n\t\t\t\t<embed\n\t\t\t\t\tclass=\"uagb-google-map__iframe\"\n\t\t\t\t\ttitle=\"Mapa de Google de\"\n\t\t\t\t\tsrc=\"https:\/\/maps.google.com\/maps?q=Teixugueiras%2016%2C%20Portal%203%2C%20Oficina%20F&#038;z=19&#038;hl=gl&#038;t=m&#038;output=embed&#038;iwloc=near\"\n\t\t\t\t\twidth=\"640\"\n\t\t\t\t\theight=\"300\"\n\t\t\t\t\tloading=\"lazy\"\n\t\t\t\t><\/embed>\n\t\t\t<\/div>\n\t\t\t<\/div><\/div>\n","protected":false},"excerpt":{"rendered":"<p>Espacio Pedag\u00f3gico Espacio de neurodivergente a neurodivergente. Donde poder ser sin tener que encajar en lo que la sociedad demanda. Donde no se aceptan terapias da\u00f1inas y no respetuosas con las neurodivergencias. Servicios Nuestros servicios buscan mejorar la calidad de vida de las personas neurodivergentes. En ning\u00fan caso se promueven terapias o mecanismos de adaptaci\u00f3n [&hellip;]<\/p>\n","protected":false},"author":1,"featured_media":0,"parent":0,"menu_order":0,"comment_status":"closed","ping_status":"closed","template":"","meta":{"_uag_custom_page_level_css":"","site-sidebar-layout":"no-sidebar","site-content-layout":"plain-container","ast-site-content-layout":"normal-width-container","site-content-style":"unboxed","site-sidebar-style":"unboxed","ast-global-header-display":"","ast-banner-title-visibility":"","ast-main-header-display":"","ast-hfb-above-header-display":"","ast-hfb-below-header-display":"","ast-hfb-mobile-header-display":"","site-post-title":"disabled","ast-breadcrumbs-content":"","ast-featured-img":"disabled","footer-sml-layout":"","theme-transparent-header-meta":"default","adv-header-id-meta":"","stick-header-meta":"","header-above-stick-meta":"","header-main-stick-meta":"","header-below-stick-meta":"","astra-migrate-meta-layouts":"set","ast-page-background-enabled":"default","ast-page-background-meta":{"desktop":{"background-color":"var(--ast-global-color-4)","background-image":"","background-repeat":"repeat","background-position":"center center","background-size":"auto","background-attachment":"scroll","background-type":"","background-media":"","overlay-type":"","overlay-color":"","overlay-opacity":"","overlay-gradient":""},"tablet":{"background-color":"","background-image":"","background-repeat":"repeat","background-position":"center center","background-size":"auto","background-attachment":"scroll","background-type":"","background-media":"","overlay-type":"","overlay-color":"","overlay-opacity":"","overlay-gradient":""},"mobile":{"background-color":"","background-image":"","background-repeat":"repeat","background-position":"center center","background-size":"auto","background-attachment":"scroll","background-type":"","background-media":"","overlay-type":"","overlay-color":"","overlay-opacity":"","overlay-gradient":""}},"ast-content-background-meta":{"desktop":{"background-color":"var(--ast-global-color-5)","background-image":"","background-repeat":"repeat","background-position":"center center","background-size":"auto","background-attachment":"scroll","background-type":"","background-media":"","overlay-type":"","overlay-color":"","overlay-opacity":"","overlay-gradient":""},"tablet":{"background-color":"var(--ast-global-color-5)","background-image":"","background-repeat":"repeat","background-position":"center center","background-size":"auto","background-attachment":"scroll","background-type":"","background-media":"","overlay-type":"","overlay-color":"","overlay-opacity":"","overlay-gradient":""},"mobile":{"background-color":"var(--ast-global-color-5)","background-image":"","background-repeat":"repeat","background-position":"center center","background-size":"auto","background-attachment":"scroll","background-type":"","background-media":"","overlay-type":"","overlay-color":"","overlay-opacity":"","overlay-gradient":""}},"footnotes":""},"class_list":["post-9","page","type-page","status-publish","hentry"],"uagb_featured_image_src":{"full":false,"thumbnail":false,"medium":false,"medium_large":false,"large":false,"1536x1536":false,"2048x2048":false},"uagb_author_info":{"display_name":"Divergiendo","author_link":"https:\/\/divergiendo.com\/index.php\/author\/divergiendo\/"},"uagb_comment_info":0,"uagb_excerpt":"Espacio Pedag\u00f3gico Espacio de neurodivergente a neurodivergente. Donde poder ser sin tener que encajar en lo que la sociedad demanda. Donde no se aceptan terapias da\u00f1inas y no respetuosas con las neurodivergencias. Servicios Nuestros servicios buscan mejorar la calidad de vida de las personas neurodivergentes. En ning\u00fan caso se promueven terapias o mecanismos de adaptaci\u00f3n&hellip;","_links":{"self":[{"href":"https:\/\/divergiendo.com\/index.php\/wp-json\/wp\/v2\/pages\/9","targetHints":{"allow":["GET"]}}],"collection":[{"href":"https:\/\/divergiendo.com\/index.php\/wp-json\/wp\/v2\/pages"}],"about":[{"href":"https:\/\/divergiendo.com\/index.php\/wp-json\/wp\/v2\/types\/page"}],"author":[{"embeddable":true,"href":"https:\/\/divergiendo.com\/index.php\/wp-json\/wp\/v2\/users\/1"}],"replies":[{"embeddable":true,"href":"https:\/\/divergiendo.com\/index.php\/wp-json\/wp\/v2\/comments?post=9"}],"version-history":[{"count":37,"href":"https:\/\/divergiendo.com\/index.php\/wp-json\/wp\/v2\/pages\/9\/revisions"}],"predecessor-version":[{"id":3127,"href":"https:\/\/divergiendo.com\/index.php\/wp-json\/wp\/v2\/pages\/9\/revisions\/3127"}],"wp:attachment":[{"href":"https:\/\/divergiendo.com\/index.php\/wp-json\/wp\/v2\/media?parent=9"}],"curies":[{"name":"wp","href":"https:\/\/api.w.org\/{rel}","templated":true}]}}