{"id":62,"date":"2021-05-18T12:24:24","date_gmt":"2021-05-18T12:24:24","guid":{"rendered":"https:\/\/divergiendo.com\/index.php\/about\/"},"modified":"2026-02-15T12:07:45","modified_gmt":"2026-02-15T12:07:45","slug":"nosotras","status":"publish","type":"page","link":"https:\/\/divergiendo.com\/index.php\/nosotras\/","title":{"rendered":"Sobre nosotras"},"content":{"rendered":"\n<div class=\"wp-block-uagb-container uagb-block-be7b05e2 alignfull uagb-is-root-container\"><div class=\"uagb-container-inner-blocks-wrap\">\n<div class=\"wp-block-uagb-advanced-heading uagb-block-f84a4f9b\"><h1 class=\"uagb-heading-text\">Sobre nosotras<\/h1><\/div>\n<\/div><\/div>\n\n\n\n<div class=\"wp-block-uagb-container uagb-block-c7f85fea alignfull uagb-is-root-container\"><div class=\"uagb-container-inner-blocks-wrap\">\n<div class=\"wp-block-uagb-container uagb-block-c58d8e53\">\n<div class=\"wp-block-uagb-advanced-heading uagb-block-d17c0b81\"><h2 class=\"uagb-heading-text\">\u00bfQu\u00e9 nos diferencia?<\/h2><div class=\"uagb-separator\"><\/div><\/div>\n\n\n\n<p>Somos un centro pedag\u00f3gico que est\u00e1 <strong>gestionado por personas neurodivergentes<\/strong>. Por lo que, aportamos un servicio que combina nuestros conocimientos del \u00e1mbito de la pedagog\u00eda, la educaci\u00f3n y la psicolog\u00eda con nuestra experiencia en primera persona como neurodivergentes, conociendo de primera mano las necesidades reales.<\/p>\n\n\n\n<p>Sabemos lo dif\u00edcil que es el transito por la b\u00fasqueda del diagn\u00f3stico. Por ello, pretendemos <strong>orientar y ayudar<\/strong>, brindando asesoramiento sobre los pasos a seguir para solicitar diagn\u00f3stico, la discapacidad, etc.<\/p>\n<\/div>\n\n\n\n<div class=\"wp-block-uagb-container uagb-block-7ad42dda\">\n<div class=\"wp-block-uagb-advanced-heading uagb-block-485d617c\"><h2 class=\"uagb-heading-text\">Nuestra filosof\u00eda<\/h2><div class=\"uagb-separator\"><\/div><\/div>\n\n\n\n<p class=\"has-ast-global-color-2-color has-text-color\"><strong>Trabajamos desde el paradigma de la neurodiversidad.<\/strong> Lo que significa que: abordamos las dificultades de personas autistas, TDAH, AACC, etc. <strong>desde el respeto de sus necesidades y sin buscar borrar su identidad<\/strong>. Debe ser el entorno el que se convierta en inclusivo y valore la diferencia.<\/p>\n\n\n\n<p class=\"has-ast-global-color-2-color has-text-color\">Queremos <strong>que las infancias neurodivergentes crezcan conociendo y valorando sus capacidades.<\/strong> Aport\u00e1ndoles herramientas y adaptaciones para cubrir sus necesidades desde el autoconocimiento para favorecer su autonom\u00eda.<\/p>\n\n\n\n<p class=\"has-ast-global-color-2-color has-text-color\"><strong>Buscamos concienciar<\/strong> a toda la comunidad de la necesidad de <strong>actualizarse sobre neurodivergencias<\/strong> y de adaptar los contextos. Por ello, ofrecemos servicio de formaciones, charlas y asesor\u00eda.<\/p>\n<\/div>\n<\/div><\/div>\n\n\n\n<div class=\"wp-block-uagb-team uagb-team__image-position-left uagb-team__align-left uagb-team__stack-tablet uagb-block-e7c11839\"><img decoding=\"async\" class=\"uagb-team__image-crop-circle\" src=\"https:\/\/divergiendo.com\/wp-content\/uploads\/2023\/07\/image_50423297-150x150.jpg\" alt=\"\" height=\"100\" width=\"100\" loading=\"lazy\"\/><div class=\"uagb-team__content\"><h3 class=\"uagb-team__title\">Alba Lois<\/h3><span class=\"uagb-team__prefix\">Pedagoga y orientadora<br>N\u00famero de colegiada: 2575<\/span><p class=\"uagb-team__desc\"><strong>Estudios oficiales:<\/strong><br>&#8211; Grado en Pedagog\u00eda<br>&#8211; M\u00e1ster en Orientaci\u00f3n Educativa<br><strong>Cursos:<\/strong><br>&#8211; El Manual DSM-V, principales pruebas diagn\u00f3sticas e informe sociopsicopedag\u00f3gico en el \u00e1mbito educativo y en el \u00e1mbito privado.<br>&#8211; Atenci\u00f3n a la diversidad: una aproximaci\u00f3n multifocal<br>&#8211; Apps y otras tecnolog\u00edas para personas autistas<br>&#8211; Neurodid\u00e1ctica<\/p><ul class=\"uagb-team__social-list\"><li class=\"uagb-team__social-icon\"><a href=\"https:\/\/es.linkedin.com\/in\/alba-lois-sanmart%C3%ADn-319780163\" aria-label=\"linkedin\" target=\"_self\" title=\"\" rel=\"noopener noreferrer\"><svg xmlns=\"https:\/\/www.w3.org\/2000\/svg\" viewBox=\"0 0 448 512\"><path d=\"M416 32H31.9C14.3 32 0 46.5 0 64.3v383.4C0 465.5 14.3 480 31.9 480H416c17.6 0 32-14.5 32-32.3V64.3c0-17.8-14.4-32.3-32-32.3zM135.4 416H69V202.2h66.5V416zm-33.2-243c-21.3 0-38.5-17.3-38.5-38.5S80.9 96 102.2 96c21.2 0 38.5 17.3 38.5 38.5 0 21.3-17.2 38.5-38.5 38.5zm282.1 243h-66.4V312c0-24.8-.5-56.7-34.5-56.7-34.6 0-39.9 27-39.9 54.9V416h-66.4V202.2h63.7v29.2h.9c8.9-16.8 30.6-34.5 62.9-34.5 67.2 0 79.7 44.3 79.7 101.9V416z\"><\/path><\/svg><\/a><\/li><\/ul><\/div><\/div>\n\n\n\n<div class=\"wp-block-uagb-team uagb-team__image-position-left uagb-team__align-left uagb-team__stack-tablet uagb-block-b0b737ad\"><img decoding=\"async\" class=\"uagb-team__image-crop-circle\" src=\"https:\/\/divergiendo.com\/wp-content\/uploads\/2023\/07\/fotito-150x150.jpg\" alt=\"Selfie de Ant\u00eda tirada en la piscina de bolas. enconces, de fondo se ven bolas amarillas, blancas, azules y naranjas.\" height=\"100\" width=\"100\" loading=\"lazy\"\/><div class=\"uagb-team__content\"><h3 class=\"uagb-team__title\">Ant\u00eda \u00c1lvarez<\/h3><span class=\"uagb-team__prefix\">Especialista educativa<\/span><p class=\"uagb-team__desc\"><strong>Estudios oficiales:<\/strong><br>&#8211; Grado en Educaci\u00f3n Infantil<br>&#8211; Menci\u00f3n en Psicomotricidad<br>&#8211; M\u00e1ster en Comunicaci\u00f3n y Educaci\u00f3n Digital<br>&#8211; Cursando actualmente: Grado en Psicolog\u00eda<br><strong>Cursos:<\/strong><br>&#8211; Atenci\u00f3n a la diversidad: una aproximaci\u00f3n multifocal<br>&#8211; Tecnolog\u00eda y autismo: c\u00f3mo crear tu aula virtual<br>&#8211; Aplicaciones m\u00f3viles y otras tecnolog\u00edas para personas autistas<br>&#8211; ADHD: Everyday Strategies for Elementary Students<\/p><ul class=\"uagb-team__social-list\"><li class=\"uagb-team__social-icon\"><a href=\"https:\/\/es.linkedin.com\/in\/antia-alvarez\" aria-label=\"linkedin\" target=\"_self\" title=\"\" rel=\"noopener noreferrer\"><svg xmlns=\"https:\/\/www.w3.org\/2000\/svg\" viewBox=\"0 0 448 512\"><path d=\"M416 32H31.9C14.3 32 0 46.5 0 64.3v383.4C0 465.5 14.3 480 31.9 480H416c17.6 0 32-14.5 32-32.3V64.3c0-17.8-14.4-32.3-32-32.3zM135.4 416H69V202.2h66.5V416zm-33.2-243c-21.3 0-38.5-17.3-38.5-38.5S80.9 96 102.2 96c21.2 0 38.5 17.3 38.5 38.5 0 21.3-17.2 38.5-38.5 38.5zm282.1 243h-66.4V312c0-24.8-.5-56.7-34.5-56.7-34.6 0-39.9 27-39.9 54.9V416h-66.4V202.2h63.7v29.2h.9c8.9-16.8 30.6-34.5 62.9-34.5 67.2 0 79.7 44.3 79.7 101.9V416z\"><\/path><\/svg><\/a><\/li><\/ul><\/div><\/div>\n\n\n\n<p><\/p>\n\n\n\n<div class=\"wp-block-uagb-team uagb-team__image-position-left uagb-team__align-left uagb-team__stack-tablet uagb-block-741868ec\"><img decoding=\"async\" class=\"uagb-team__image-crop-circle\" src=\"https:\/\/divergiendo.com\/wp-content\/uploads\/2025\/07\/IMG_3091-150x150.jpg\" alt=\"Foto selfie de Cristina con fondo rosa.\" height=\"100\" width=\"100\" loading=\"lazy\"\/><div class=\"uagb-team__content\"><h3 class=\"uagb-team__title\">Cristina Fern\u00e1ndez<\/h3><span class=\"uagb-team__prefix\">Psic\u00f3loga<br>N\u00fam. Colegiada: G-6981<\/span><p class=\"uagb-team__desc\"><strong>Estudios oficiales:<\/strong><br>&#8211; Grado en Psicolog\u00eda<br>&#8211; M\u00e1ster en Psicolog\u00eda Infantojuvenil<br>&#8211; M\u00e1ster en Psicolog\u00eda Sanitaria<br><strong>Otros estudios:<\/strong><br>&#8211; Form\u00e1ndose en Terapia Familiar Sist\u00e9mica<br>&#8211; Certificaci\u00f3n en detecci\u00f3n, intervenci\u00f3n y trabajo en autismo desde el paradigma de la neurodiversidad. EITA.<br>&#8211; Identificar, conocer y atender las Altas Capacidades.<\/p><ul class=\"uagb-team__social-list\"><li class=\"uagb-team__social-icon\"><a href=\"https:\/\/www.linkedin.com\/in\/cristina-fern%C3%A1ndez-franco-891ab9241?utm_source=share&amp;utm_campaign=share_via&amp;utm_content=profile&amp;utm_medium=ios_app\" aria-label=\"linkedin\" target=\"_self\" title=\"\" rel=\"noopener noreferrer\"><svg xmlns=\"https:\/\/www.w3.org\/2000\/svg\" viewBox=\"0 0 448 512\"><path d=\"M416 32H31.9C14.3 32 0 46.5 0 64.3v383.4C0 465.5 14.3 480 31.9 480H416c17.6 0 32-14.5 32-32.3V64.3c0-17.8-14.4-32.3-32-32.3zM135.4 416H69V202.2h66.5V416zm-33.2-243c-21.3 0-38.5-17.3-38.5-38.5S80.9 96 102.2 96c21.2 0 38.5 17.3 38.5 38.5 0 21.3-17.2 38.5-38.5 38.5zm282.1 243h-66.4V312c0-24.8-.5-56.7-34.5-56.7-34.6 0-39.9 27-39.9 54.9V416h-66.4V202.2h63.7v29.2h.9c8.9-16.8 30.6-34.5 62.9-34.5 67.2 0 79.7 44.3 79.7 101.9V416z\"><\/path><\/svg><\/a><\/li><\/ul><\/div><\/div>\n","protected":false},"excerpt":{"rendered":"<p>Sobre nosotras \u00bfQu\u00e9 nos diferencia? Somos un centro pedag\u00f3gico que est\u00e1 gestionado por personas neurodivergentes. Por lo que, aportamos un servicio que combina nuestros conocimientos del \u00e1mbito de la pedagog\u00eda, la educaci\u00f3n y la psicolog\u00eda con nuestra experiencia en primera persona como neurodivergentes, conociendo de primera mano las necesidades reales. Sabemos lo dif\u00edcil que es [&hellip;]<\/p>\n","protected":false},"author":1,"featured_media":0,"parent":0,"menu_order":0,"comment_status":"closed","ping_status":"closed","template":"","meta":{"_uag_custom_page_level_css":"","site-sidebar-layout":"no-sidebar","site-content-layout":"plain-container","ast-site-content-layout":"normal-width-container","site-content-style":"unboxed","site-sidebar-style":"unboxed","ast-global-header-display":"","ast-banner-title-visibility":"","ast-main-header-display":"","ast-hfb-above-header-display":"","ast-hfb-below-header-display":"","ast-hfb-mobile-header-display":"","site-post-title":"disabled","ast-breadcrumbs-content":"","ast-featured-img":"","footer-sml-layout":"","theme-transparent-header-meta":"default","adv-header-id-meta":"","stick-header-meta":"","header-above-stick-meta":"","header-main-stick-meta":"","header-below-stick-meta":"","astra-migrate-meta-layouts":"set","ast-page-background-enabled":"default","ast-page-background-meta":{"desktop":{"background-color":"var(--ast-global-color-4)","background-image":"","background-repeat":"repeat","background-position":"center center","background-size":"auto","background-attachment":"scroll","background-type":"","background-media":"","overlay-type":"","overlay-color":"","overlay-opacity":"","overlay-gradient":""},"tablet":{"background-color":"","background-image":"","background-repeat":"repeat","background-position":"center center","background-size":"auto","background-attachment":"scroll","background-type":"","background-media":"","overlay-type":"","overlay-color":"","overlay-opacity":"","overlay-gradient":""},"mobile":{"background-color":"","background-image":"","background-repeat":"repeat","background-position":"center center","background-size":"auto","background-attachment":"scroll","background-type":"","background-media":"","overlay-type":"","overlay-color":"","overlay-opacity":"","overlay-gradient":""}},"ast-content-background-meta":{"desktop":{"background-color":"var(--ast-global-color-5)","background-image":"","background-repeat":"repeat","background-position":"center center","background-size":"auto","background-attachment":"scroll","background-type":"","background-media":"","overlay-type":"","overlay-color":"","overlay-opacity":"","overlay-gradient":""},"tablet":{"background-color":"var(--ast-global-color-5)","background-image":"","background-repeat":"repeat","background-position":"center center","background-size":"auto","background-attachment":"scroll","background-type":"","background-media":"","overlay-type":"","overlay-color":"","overlay-opacity":"","overlay-gradient":""},"mobile":{"background-color":"var(--ast-global-color-5)","background-image":"","background-repeat":"repeat","background-position":"center center","background-size":"auto","background-attachment":"scroll","background-type":"","background-media":"","overlay-type":"","overlay-color":"","overlay-opacity":"","overlay-gradient":""}},"footnotes":""},"class_list":["post-62","page","type-page","status-publish","hentry"],"uagb_featured_image_src":{"full":false,"thumbnail":false,"medium":false,"medium_large":false,"large":false,"1536x1536":false,"2048x2048":false},"uagb_author_info":{"display_name":"Divergiendo","author_link":"https:\/\/divergiendo.com\/index.php\/author\/divergiendo\/"},"uagb_comment_info":0,"uagb_excerpt":"Sobre nosotras \u00bfQu\u00e9 nos diferencia? Somos un centro pedag\u00f3gico que est\u00e1 gestionado por personas neurodivergentes. Por lo que, aportamos un servicio que combina nuestros conocimientos del \u00e1mbito de la pedagog\u00eda, la educaci\u00f3n y la psicolog\u00eda con nuestra experiencia en primera persona como neurodivergentes, conociendo de primera mano las necesidades reales. Sabemos lo dif\u00edcil que es&hellip;","_links":{"self":[{"href":"https:\/\/divergiendo.com\/index.php\/wp-json\/wp\/v2\/pages\/62","targetHints":{"allow":["GET"]}}],"collection":[{"href":"https:\/\/divergiendo.com\/index.php\/wp-json\/wp\/v2\/pages"}],"about":[{"href":"https:\/\/divergiendo.com\/index.php\/wp-json\/wp\/v2\/types\/page"}],"author":[{"embeddable":true,"href":"https:\/\/divergiendo.com\/index.php\/wp-json\/wp\/v2\/users\/1"}],"replies":[{"embeddable":true,"href":"https:\/\/divergiendo.com\/index.php\/wp-json\/wp\/v2\/comments?post=62"}],"version-history":[{"count":23,"href":"https:\/\/divergiendo.com\/index.php\/wp-json\/wp\/v2\/pages\/62\/revisions"}],"predecessor-version":[{"id":3136,"href":"https:\/\/divergiendo.com\/index.php\/wp-json\/wp\/v2\/pages\/62\/revisions\/3136"}],"wp:attachment":[{"href":"https:\/\/divergiendo.com\/index.php\/wp-json\/wp\/v2\/media?parent=62"}],"curies":[{"name":"wp","href":"https:\/\/api.w.org\/{rel}","templated":true}]}}

<div class="wp-block-uagb-container uagb-block-be7b05e2 alignfull uagb-is-root-container"><div class="uagb-container-inner-blocks-wrap">
<div class="wp-block-uagb-advanced-heading uagb-block-f84a4f9b"><h1 class="uagb-heading-text">Sobre nosotras</h1></div>
</div></div>



<div class="wp-block-uagb-container uagb-block-c7f85fea alignfull uagb-is-root-container"><div class="uagb-container-inner-blocks-wrap">
<div class="wp-block-uagb-container uagb-block-c58d8e53">
<div class="wp-block-uagb-advanced-heading uagb-block-d17c0b81"><h2 class="uagb-heading-text">¿Qué nos diferencia?</h2><div class="uagb-separator"></div></div>



<p>Somos un centro pedagógico que está <strong>gestionado por personas neurodivergentes</strong>. Por lo que, aportamos un servicio que combina nuestros conocimientos del ámbito de la pedagogía, la educación y la psicología con nuestra experiencia en primera persona como neurodivergentes, conociendo de primera mano las necesidades reales.</p>



<p>Sabemos lo difícil que es el transito por la búsqueda del diagnóstico. Por ello, pretendemos <strong>orientar y ayudar</strong>, brindando asesoramiento sobre los pasos a seguir para solicitar diagnóstico, la discapacidad, etc.</p>
</div>



<div class="wp-block-uagb-container uagb-block-7ad42dda">
<div class="wp-block-uagb-advanced-heading uagb-block-485d617c"><h2 class="uagb-heading-text">Nuestra filosofía</h2><div class="uagb-separator"></div></div>



<p class="has-ast-global-color-2-color has-text-color"><strong>Trabajamos desde el paradigma de la neurodiversidad.</strong> Lo que significa que: abordamos las dificultades de personas autistas, TDAH, AACC, etc. <strong>desde el respeto de sus necesidades y sin buscar borrar su identidad</strong>. Debe ser el entorno el que se convierta en inclusivo y valore la diferencia.</p>



<p class="has-ast-global-color-2-color has-text-color">Queremos <strong>que las infancias neurodivergentes crezcan conociendo y valorando sus capacidades.</strong> Aportándoles herramientas y adaptaciones para cubrir sus necesidades desde el autoconocimiento para favorecer su autonomía.</p>



<p class="has-ast-global-color-2-color has-text-color"><strong>Buscamos concienciar</strong> a toda la comunidad de la necesidad de <strong>actualizarse sobre neurodivergencias</strong> y de adaptar los contextos. Por ello, ofrecemos servicio de formaciones, charlas y asesoría.</p>
</div>
</div></div>



<div class="wp-block-uagb-team uagb-team__image-position-left uagb-team__align-left uagb-team__stack-tablet uagb-block-e7c11839"><img decoding="async" class="uagb-team__image-crop-circle" src="https://divergiendo.com/wp-content/uploads/2023/07/image_50423297-150x150.jpg" alt="" height="100" width="100" loading="lazy"/><div class="uagb-team__content"><h3 class="uagb-team__title">Alba Lois</h3><span class="uagb-team__prefix">Pedagoga y orientadora<br>Número de colegiada: 2575</span><p class="uagb-team__desc"><strong>Estudios oficiales:</strong><br>&#8211; Grado en Pedagogía<br>&#8211; Máster en Orientación Educativa<br><strong>Cursos:</strong><br>&#8211; El Manual DSM-V, principales pruebas diagnósticas e informe sociopsicopedagógico en el ámbito educativo y en el ámbito privado.<br>&#8211; Atención a la diversidad: una aproximación multifocal<br>&#8211; Apps y otras tecnologías para personas autistas<br>&#8211; Neurodidáctica</p><ul class="uagb-team__social-list"><li class="uagb-team__social-icon"><a href="https://es.linkedin.com/in/alba-lois-sanmart%C3%ADn-319780163" aria-label="linkedin" target="_self" title="" rel="noopener noreferrer"><svg xmlns="https://www.w3.org/2000/svg" viewBox="0 0 448 512"><path d="M416 32H31.9C14.3 32 0 46.5 0 64.3v383.4C0 465.5 14.3 480 31.9 480H416c17.6 0 32-14.5 32-32.3V64.3c0-17.8-14.4-32.3-32-32.3zM135.4 416H69V202.2h66.5V416zm-33.2-243c-21.3 0-38.5-17.3-38.5-38.5S80.9 96 102.2 96c21.2 0 38.5 17.3 38.5 38.5 0 21.3-17.2 38.5-38.5 38.5zm282.1 243h-66.4V312c0-24.8-.5-56.7-34.5-56.7-34.6 0-39.9 27-39.9 54.9V416h-66.4V202.2h63.7v29.2h.9c8.9-16.8 30.6-34.5 62.9-34.5 67.2 0 79.7 44.3 79.7 101.9V416z"></path></svg></a></li></ul></div></div>



<div class="wp-block-uagb-team uagb-team__image-position-left uagb-team__align-left uagb-team__stack-tablet uagb-block-b0b737ad"><img decoding="async" class="uagb-team__image-crop-circle" src="https://divergiendo.com/wp-content/uploads/2023/07/fotito-150x150.jpg" alt="Selfie de Antía tirada en la piscina de bolas. enconces, de fondo se ven bolas amarillas, blancas, azules y naranjas." height="100" width="100" loading="lazy"/><div class="uagb-team__content"><h3 class="uagb-team__title">Antía Álvarez</h3><span class="uagb-team__prefix">Especialista educativa</span><p class="uagb-team__desc"><strong>Estudios oficiales:</strong><br>&#8211; Grado en Educación Infantil<br>&#8211; Mención en Psicomotricidad<br>&#8211; Máster en Comunicación y Educación Digital<br>&#8211; Cursando actualmente: Grado en Psicología<br><strong>Cursos:</strong><br>&#8211; Atención a la diversidad: una aproximación multifocal<br>&#8211; Tecnología y autismo: cómo crear tu aula virtual<br>&#8211; Aplicaciones móviles y otras tecnologías para personas autistas<br>&#8211; ADHD: Everyday Strategies for Elementary Students</p><ul class="uagb-team__social-list"><li class="uagb-team__social-icon"><a href="https://es.linkedin.com/in/antia-alvarez" aria-label="linkedin" target="_self" title="" rel="noopener noreferrer"><svg xmlns="https://www.w3.org/2000/svg" viewBox="0 0 448 512"><path d="M416 32H31.9C14.3 32 0 46.5 0 64.3v383.4C0 465.5 14.3 480 31.9 480H416c17.6 0 32-14.5 32-32.3V64.3c0-17.8-14.4-32.3-32-32.3zM135.4 416H69V202.2h66.5V416zm-33.2-243c-21.3 0-38.5-17.3-38.5-38.5S80.9 96 102.2 96c21.2 0 38.5 17.3 38.5 38.5 0 21.3-17.2 38.5-38.5 38.5zm282.1 243h-66.4V312c0-24.8-.5-56.7-34.5-56.7-34.6 0-39.9 27-39.9 54.9V416h-66.4V202.2h63.7v29.2h.9c8.9-16.8 30.6-34.5 62.9-34.5 67.2 0 79.7 44.3 79.7 101.9V416z"></path></svg></a></li></ul></div></div>



<p></p>



<div class="wp-block-uagb-team uagb-team__image-position-left uagb-team__align-left uagb-team__stack-tablet uagb-block-741868ec"><img decoding="async" class="uagb-team__image-crop-circle" src="https://divergiendo.com/wp-content/uploads/2025/07/IMG_3091-150x150.jpg" alt="Foto selfie de Cristina con fondo rosa." height="100" width="100" loading="lazy"/><div class="uagb-team__content"><h3 class="uagb-team__title">Cristina Fernández</h3><span class="uagb-team__prefix">Psicóloga<br>Núm. Colegiada: G-6981</span><p class="uagb-team__desc"><strong>Estudios oficiales:</strong><br>&#8211; Grado en Psicología<br>&#8211; Máster en Psicología Infantojuvenil<br>&#8211; Máster en Psicología Sanitaria<br><strong>Otros estudios:</strong><br>&#8211; Formándose en Terapia Familiar Sistémica<br>&#8211; Certificación en detección, intervención y trabajo en autismo desde el paradigma de la neurodiversidad. EITA.<br>&#8211; Identificar, conocer y atender las Altas Capacidades.</p><ul class="uagb-team__social-list"><li class="uagb-team__social-icon"><a href="https://www.linkedin.com/in/cristina-fern%C3%A1ndez-franco-891ab9241?utm_source=share&amp;utm_campaign=share_via&amp;utm_content=profile&amp;utm_medium=ios_app" aria-label="linkedin" target="_self" title="" rel="noopener noreferrer"><svg xmlns="https://www.w3.org/2000/svg" viewBox="0 0 448 512"><path d="M416 32H31.9C14.3 32 0 46.5 0 64.3v383.4C0 465.5 14.3 480 31.9 480H416c17.6 0 32-14.5 32-32.3V64.3c0-17.8-14.4-32.3-32-32.3zM135.4 416H69V202.2h66.5V416zm-33.2-243c-21.3 0-38.5-17.3-38.5-38.5S80.9 96 102.2 96c21.2 0 38.5 17.3 38.5 38.5 0 21.3-17.2 38.5-38.5 38.5zm282.1 243h-66.4V312c0-24.8-.5-56.7-34.5-56.7-34.6 0-39.9 27-39.9 54.9V416h-66.4V202.2h63.7v29.2h.9c8.9-16.8 30.6-34.5 62.9-34.5 67.2 0 79.7 44.3 79.7 101.9V416z"></path></svg></a></li></ul></div></div>

<p>Sobre nosotras ¿Qué nos diferencia? Somos un centro pedagógico que está gestionado por personas neurodivergentes. Por lo que, aportamos un servicio que combina nuestros conocimientos del ámbito de la pedagogía, la educación y la psicología con nuestra experiencia en primera persona como neurodivergentes, conociendo de primera mano las necesidades reales. Sabemos lo difícil que es [&hellip;]</p>

Sobre nosotras ¿Qué nos diferencia? Somos un centro pedagógico que está gestionado por personas neurodivergentes. Por lo que, aportamos un servicio que combina nuestros conocimientos del ámbito de la pedagogía, la educación y la psicología con nuestra experiencia en primera persona como neurodivergentes, conociendo de primera mano las necesidades reales. Sabemos lo difícil que es&hellip;
